(7).
7
Suppose 5*r - 10 = 0, -u = u - 2*r - 124. Calculate the remainder when u is divided by 33.
31
Suppose 96 = -10*s + 12*s - y, -2*y + 90 = 2*s. Calculate the remainder when s is divided by 26.
21
Let w(g) = g - 4. Let a be 1/(-2)*(-22 - 2). Suppose 7*t - a = 3*t. Calculate the remainder when t is divided by w(6).
1
Suppose -s = -6 - 2. Suppose 3*k = s*q - 3*q - 220, 5*q = -5*k + 180. Calculate the remainder when q is divided by 11.
8
Let f(s) = 15*s - 9. Let z be f(9). Suppose -5*k - z = -421. Calculate the remainder when k is divided by 30.
29
Suppose -f = -21 + 7. Calculate the remainder when 82 is divided by f.
12
Let u be (2 - 3) + 40 + 3. Let k = -29 + u. Calculate the remainder when k is divided by 7.
6
Calculate the remainder when 4*-9*(-1)/6 is divided by 5.
1
Suppose 0 = -2*g + 6 + 6. Suppose g*u - 3*u = 18. Calculate the remainder when 19 + 1 + (-3)/1 is divided by u.
5
Suppose 3*d = 5*k + 85, 0 = -3*d - d - 4*k + 92. Calculate the remainder when 74 is divided by d.
24
Suppose -12 + 0 = r. Calculate the remainder when (-2)/(-1) + (26 - -1) is divided by 6/(3 - (-27)/r).
5
Let o(b) = -b**2 + b. Let i be o(-1). What is the remainder when i/(-4) - (-365)/10 is divided by 13?
11
What is the remainder when (-3)/3 + 12*2 is divided by 13?
10
Suppose -5*k + 3*f = 10, -2*k = -f - 0*f + 4. Calculate the remainder when (-122)/(-4) + (-1)/k is divided by 297/9*(-2)/(-6).
9
What is the remainder when (83 - 86) + 1/((-1)/(-12)) is divided by 9?
0
Let h = 307 - 212. Calculate the remainder when h is divided by 24.
23
Let j = -27 + 15. Let o = j - -31. Calculate the remainder when 56 is divided by o.
18
What is the remainder when 37/3*(-6 - -12) is divided by 25?
24
Let h be 287/21 - 8/(-6). Let p = 3 + h. What is the remainder when 69 is divided by p?
15
Let m = -148 - -154. Calculate the remainder when 25 is divided by m.
1
Let a = 13 + -6. What is the remainder when 67 is divided by 6/(-21) + 163/a?
21
Calculate the remainder when 74/(-4)*8/(-4) is divided by (1 + 25)*(-7)/(-14).
11
Let v(s) be the second derivative of -s**3/6 + 5*s**2 - 5*s. What is the remainder when 7 is divided by v(8)?
1
Suppose 2*d = 2*a + 18, 23 = 2*d + a - 2*a. What is the remainder when d is divided by 8?
6
What is the remainder when 86 is divided by (4 - -1*22) + -4?
20
Let j(n) be the first derivative of -n**2 - 9*n - 2. Let t be j(-7). Suppose 7 = 3*k - t. Calculate the remainder when 15 is divided by k.
3
Suppose -37 = -3*y + s, 5*y - 41 = s + 20. Let q(o) = 3*o - 20. What is the remainder when q(18) is divided by y?
10
Let q = 3 - -16. What is the remainder when 112 is divided by q?
17
Let a be 45/2*(-50)/(-15). Suppose -u = -4*m + a, 0 = -4*m - 5*u - 0*u + 57. What is the remainder when m is divided by 10?
8
Suppose -3*u + 6*u = -5*w, -u = -2*w. What is the remainder when 14 + w*(0 + -1) is divided by (-3 + 3 - -1) + 4?
4
Calculate the remainder when 92 is divided by (-6)/10 + 4/60*369.
20
Suppose 0*u - 47 = -i - 4*u, -9 = 3*u. Calculate the remainder when i is divided by 20.
19
Suppose -3*g + 21 = -15. Let v = 21 - g. Calculate the remainder when 33 is divided by v.
6
Let c(s) = -2*s**3 - 4*s**2 - 4*s - 4. Let g(n) = n + 5. Let x be g(-7). Let i be (-1 - -2)*x - 1. What is the remainder when c(i) is divided by 9?
8
Let p(d) = d**2 - 2*d - 2. Calculate the remainder when 63 is divided by p(6).
19
Let a = 40 - 80. Let i = 71 + a. Calculate the remainder when i is divided by 8.
7
Suppose 6*n - 35 = n. Suppose 2*m + m = 57. What is the remainder when m is divided by n?
5
Calculate the remainder when 164 is divided by (90/(-6) - -1)*-2.
24
Let r = -17 - -19. Suppose 7 = g - r. What is the remainder when 33 is divided by g?
6
Let t be 12/(-8) - (-1)/2. Calculate the remainder when 65 is divided by 3/(-1) + (-25)/t.
21
Let j(r) = -r**2 + 6*r + 5. Let m be j(7). Let v = m + 16. Suppose -39 - 2 = -i. What is the remainder when i is divided by v?
13
Let b(l) = l**2 + 4*l - 1. Let i be b(-5). Let g = -3 + i. Calculate the remainder when 1 is divided by g.
0
Let p = 24 + -14. Calculate the remainder when p is divided by 7.
3
Let o(t) = -160*t**2. Let v be o(1). What is the remainder when 3 + (-1 - v/4) is divided by 15?
12
Suppose 0 = -d + o + 2, 1 = 2*d - o - 5. Suppose 0 = d*k - k - 39. Calculate the remainder when 3 - ((-62)/2 + -3) is divided by k.
11
Let k = 40 + -3. Calculate the remainder when 109 is divided by k.
35
Suppose 18*c - 16*c - 54 = 0. What is the remainder when c is divided by 10?
7
Suppose -3*k - 22 + 64 = 0. What is the remainder when 52 is divided by k?
10
Let a = 16 - 13. Suppose 4*g - 7 = j, -j = 2*g + g - 14. What is the remainder when g is divided by a?
0
Let j(m) = -3*m - 6. Suppose 0 = 47*r - 46*r - 33. Calculate the remainder when r is divided by j(-5).
6
Let v(h) = -2*h**2 + 7*h - 5. Let z be v(6). Let y = z - -52. What is the remainder when y is divided by (-3)/(1*(-1)/3)?
8
Suppose -r + 11 = 4*r - 2*i, 0 = 5*i - 10. Suppose -27 + 3 = -4*z. Calculate the remainder when z is divided by r.
0
Let z(h) = h**3 + 6*h**2 + 4. Let p(y) = y**3 + 11*y**2 + 9*y - 1. Let u be (-4)/(-20) + 51/(-5). What is the remainder when p(u) is divided by z(-6)?
1
Suppose 7*a - 3*a - 78 = -5*r, 87 = 5*a + r. Suppose -3*l = 2*l - 25. What is the remainder when (-2)/l - (-167)/5 is divided by a?
16
Suppose a + 5 = -2*w + 7*w, w - 1 = -a. Let q be 1/((2/(-34))/w). Let s = q + 28. Calculate the remainder when 31 is divided by s.
9
Let i = 158 + -81. Suppose -3*d + i = 17. What is the remainder when 58 is divided by d?
18
Let i(v) = v**3 + 7*v**2 + v - 1. Suppose -4*r - 11 = 5, -n - r - 2 = 0. Calculate the remainder when i(-3) is divided by (4/8)/(n/44).
10
Let g(b) = -b**3 - b + 11. Suppose 9*o + 0*o = 279. Calculate the remainder when o is divided by g(0).
9
What is the remainder when 6 is divided by (-2)/(-12)*6*(4 - -1)?
1
Let v = -18 - -28. Calculate the remainder when (-20)/8*(-78)/5 is divided by v.
9
Let z be 8/(-4)*3/2. Let s = z - -5. Suppose 18 = 3*c - 0*c + 5*a, -s*a + 6 = 0. Calculate the remainder when 1 is divided by c.
0
Let k = -1 + 1. Let g(o) = 5*o**2 + 11*o + 130. Let v(s) = -s**2 - 2*s - 26. Let j(d) = -2*g(d) - 11*v(d). What is the remainder when j(k) is divided by 7?
5
Suppose -3*h = -12 - 0. Suppose -24 = -2*j + 2*o, -h*j + 2*o - 6*o = -16. Calculate the remainder when 14 is divided by j.
6
Let b(c) = c**3 - 4*c - 6. Let a be b(-4). Let p = a - -82. Let v = 93 - 83. Calculate the remainder when p is divided by v.
8
Let y = -97 + 164. Let d(j) = -j**3 + 7*j**2 + 13*j - 23. What is the remainder when y is divided by d(8)?
16
Calculate the remainder when (-1 - 0)/(12/(-552)) is divided by 17.
12
Suppose r + 6 = 5*x, -5*r = -2*x + 7*x - 30. Suppose -14 - 6 = -r*f, 0 = -q + 3*f + 3. What is the remainder when 34 is divided by q?
16
Let i = -29 + 50. Let w = -9 + i. Calculate the remainder when (-2)/w*-3*24 is divided by 7.
5
Suppose -32*w + 6838 = -6*w. Calculate the remainder when w is divided by 19.
16
Suppose 12 = -4*v, 3*v = -5*g - 0*g + 61. Calculate the remainder when 2/(-8) + 315/12 is divided by g.
12
Let z = -7 - -12. Suppose 2*m = -0*m + 3*r + 28, -z*m + 56 = -4*r. Calculate the remainder when 31 is divided by m.
7
Let z = 12 + 3. Let x(k) = -2 + 2*k - 3 + 0 + k**2 + 0. What is the remainder when x(-8) is divided by z?
13
Suppose -3*t - 2*t + 35 = 0. Suppose 2 = 2*o + 2*y - 0, -5*o + 5*y + 25 = 0. Suppose 28 + 29 = o*j. What is the remainder when j is divided by t?
5
Suppose 2*p - m = 2 + 49, -20 = 4*m. What is the remainder when p is divided by (-1)/1 - -2 - -7?
7
What is the remainder when 39 is divided by (-168)/30*(-5)/2?
11
Let s be 4/3*(-15)/(-4). Suppose 0 = d - s*d + 48. Calculate the remainder when 47 is divided by d.
11
Let c(z) = 11*z - 4*z**2 - 3*z**2 - 10 + 6*z**2. Let r(q) = -q**3 + 5*q**2 - 3*q + 4. Let t be r(4). Calculate the remainder when 27 is divided by c(t).
13
Let l(g) = 16*g + 1. Suppose -2*w - w + 3 = 0. Let k = -30 - -79. What is the remainder when k is divided by l(w)?
15
Let m(a) = a**3 + 13*a**2 + 4*a + 10. Calculate the remainder when m(-12) is divided by 27.
25
What is the remainder when 39 is divided by (-20)/((-6)/10 + (-63)/45)?
9
Let q(l) = -l**2 + 19*l - 26. Let c = -7 - -13. Calculate the remainder